1 + 160/18. What are the prime factors of f(r)?
31
Let q(s) = -5*s**3 - s**2 + 3*s + 2. Let m be q(-5). Let y = m - 403. What are the prime factors of y?
2, 23
Let y be ((-9)/1)/(6/(-6)). Let q be y/6 + (-5)/(-10). Suppose -6*f + 11 = 3*k - f, -4*k + q*f + 58 = 0. List the prime factors of k.
2, 3
Let p(y) = 2*y**2 - 8*y + 2. Let t be p(4). What are the prime factors of ((-3218)/(-9))/t - (-38)/171?
179
Let x be ((48/18)/8)/(1/(-33)). List the prime factors of 16 - 18 - (x*19 + 1).
2, 103
Let l = 122 + -119. What are the prime factors of (-7 + -38)*l/(-15)?
3
Suppose 3*o - 3428 = 2*t - 601, -2*t + 1888 = 2*o. List the prime factors of o.
23, 41
Suppose -268 = 4*k - 0. Let d = -38 - k. Suppose -4*m + 80 = -c, 0 = -2*m - 2*c + 11 + d. What are the prime factors of m?
2, 5
Let g = 37 + -32. Suppose -4*l = -3*i - 980, -298 - 927 = -g*l + 4*i. What are the prime factors of l?
5, 7
Let g = 22 - 17. Suppose 3*j = 5*a - 10, -4*j - a = -g*j - 2. Suppose y - 4*b - 33 = j, 2*b + 3*b - 40 = -2*y. List the prime factors of y.
5
Let q be -3 - (-3 + 4 + -808). Suppose 5*k + 7*k = q. List the prime factors of k.
67
Let r(w) = -w**2 - 10*w - 23. Let o be r(-7). List the prime factors of (5/(-5) - o)*22.
2, 11
Let v = -10 + -5. Let y be v/(-60) - (-118)/8. Let k = -6 + y. What are the prime factors of k?
3
Let z be ((-2)/(12/111))/((-2)/4). Suppose -4*v - z = -45. What are the prime factors of v?
2
Let u(d) = -8*d - 19. What are the prime factors of u(-5)?
3, 7
Let h(b) = b**3 - 2*b**2 - 7*b - 23. List the prime factors of h(11).
23, 43
List the prime factors of ((-50)/(-200))/(1/3148).
787
Suppose -p = -4*i - 4, -6*i + 2*i + 5*p - 20 = 0. Suppose 4*c + 6 = 2*u, i = -2*u - 5*c + 2*c - 22. Let w = 21 + u. What are the prime factors of w?
2
Let a = 4574 + -785. What are the prime factors of a?
3, 421
Let s be 1*1/(4/72). Suppose 66 = 8*d + s. What are the prime factors of d?
2, 3
Let u = 117 - 81. Let m = 55 - u. What are the prime factors of m?
19
Suppose -3*z - 347 = -104. Let f = 14 - z. Suppose -2*s - 3*s - 5*j = -f, s = -5*j + 31. List the prime factors of s.
2
Let u(k) = 49*k - 1. Let r be u(-1). Let i = 152 - r. What are the prime factors of i?
2, 101
List the prime factors of 2/6 - 16/(96/(-13390)).
2, 3, 31
Let f be (-1 + 4)*948/(-36). Let a = 163 + f. What are the prime factors of a?
2, 3, 7
Let k be (-163)/(-1) + 0/(-3) - 1. Suppose 135*o = 133*o + k. What are the prime factors of o?
3
Let j = -12 - -11. List the prime factors of (-2009)/(-63) - j/9.
2
Suppose p = 2*b + 12, 5*p + 20 - 3 = -b. List the prime factors of (124/(3 + b))/((-2)/8).
2, 31
Let c(u) = 6*u**3 - 40*u**2 - 24*u + 10. List the prime factors of c(9).
2, 29
Let n(y) = 117*y + 5. Let g be n(1). Suppose -6*z + g = -4*z. What are the prime factors of z?
61
Let b(p) = -p**3 + 6*p**2 + p - 8. Let y be b(6). Let v be y/((-4)/1)*2. List the prime factors of 38 + -1 + v + -1.
37
Let m = 839 + -357. What are the prime factors of m?
2, 241
Let c = -2649 + 4821. What are the prime factors of c?
2, 3, 181
What are the prime factors of 10/105*3 - (-3918)/7?
2, 5, 7
List the prime factors of 1237*(-1 - -2) - -5.
2, 3, 23
Let d(l) = l**2 - 4*l - 108. What are the prime factors of d(26)?
2, 29
Let o(v) = -2*v**3 - 3*v**2 + 6*v + 24. Let i be o(-7). Let u = i - 255. List the prime factors of u.
2, 7, 19
Let o = -36 + 38. Suppose 5*g + 27 = 3*b + 347, -o*g = -b - 128. What are the prime factors of g?
2
Let c = 57 - 29. Let p = c - -10. List the prime factors of p.
2, 19
Suppose -36*p = 43*p - 204689. What are the prime factors of p?
2591
Let w = -16 - -19. Suppose -8662 = -5*d + w*p, 5*p = 2*p - 12. What are the prime factors of (-6)/(-51) + d/34?
3, 17
Let h be (-4)/12*(3 - 0). Let c = 5 + h. Suppose c*v = -2 + 110. List the prime factors of v.
3
Let z be 4/8*14 - 0. Suppose z*l - 3*l = -4, -5*l = -3*w + 443. What are the prime factors of w?
2, 73
Suppose -g + 261 = 26. Suppose -g = -5*t + 5*p, 3*p + 20 = -t + 51. List the prime factors of t.
43
List the prime factors of (-1 + -1)/(((-8)/(-6414))/(-2)).
3, 1069
Suppose 2*a + 2*a = -16. Let p be 84 - (8/4 + a). Suppose 5*d = -3*l + 4*d + 88, -3*l - 2*d = -p. List the prime factors of l.
2, 3, 5
Let b(a) = 3*a + 3. Let l be b(-6). Let z be 6/10 + (-6)/l. Let o(p) = 21*p**3 + p**2 + 2*p - 2. What are the prime factors of o(z)?
2, 11
Let u(s) = 5*s**2 + 8*s + 15. Let l(z) = -z**2. Let a(f) = 4*l(f) + u(f). Let x be a(-6). List the prime factors of (-4)/6 - (-179)/x.
59
Let f(j) = j**3 - 10*j**2 + 9*j + 12. Let v be (-52)/(-6) + (-5)/(-15). List the prime factors of f(v).
2, 3
Suppose j - 4*j = -24. Suppose -j*k = -3*k. Suppose k*m + 19 = m. What are the prime factors of m?
19
Let r be (129/(-2))/((-18)/24). Let c = r - 4. What are the prime factors of c?
2, 41
Suppose -4 = -4*f, 0 = -4*z - f + 253 + 100. Let n be (2 - 47) + 1 + -1. Let k = z + n. What are the prime factors of k?
43
Suppose -4020 = -3*v + 3*t, 7*v - t = 2*v + 6708. What are the prime factors of v?
2, 11, 61
Let p be (-2 + -3 - -1)*(-1)/4. Let y = 20 + p. List the prime factors of y.
3, 7
Let m = 264 + 94. What are the prime factors of m?
2, 179
Let a(p) = -p**2 + 8*p - 6. Let u be a(7). Let v = u - -6. What are the prime factors of (-2 + -1 + v)*5?
2, 5
Let z = -6 - -9. Let j(a) = -3*a**3 + 11 - 5 + 2*a**z + 5*a - a**2 + 2*a. List the prime factors of j(-4).
2, 13
Suppose 0 = -i - 2*i + 3*x, -2*x - 12 = -5*i. Suppose -3*p - i - 2 = 0. What are the prime factors of (140/12)/(p/(-6))?
5, 7
Suppose 0 = -a + 84 + 64. Suppose 0*l + 4*l + 2*z = 602, -3*z = l - a. What are the prime factors of l?
151
Suppose -3*o - 1330 = 5*i - 5540, 2*i = -2*o + 2800. What are the prime factors of o?
3, 5, 31
Let s(n) = n**3 + n**2 - n. Let z(w) = -w**3 + 9*w**2 + 16*w + 13. Let b(q) = -2*s(q) - z(q). List the prime factors of b(-10).
3
Let p(q) = 14*q**2 - 7*q - 4. What are the prime factors of p(-5)?
3, 127
Suppose 0*z + 30 = 3*z. Suppose z*p - 305 = 685. List the prime factors of p.
3, 11
Suppose 9 = -3*s - 6, 3*s - 1187 = -o. List the prime factors of o.
2, 601
Suppose -580 + 190 = -3*u. Suppose -u = -2*n + 52. What are the prime factors of n?
7, 13
Let n = -1560 - -2250. What are the prime factors of n?
2, 3, 5, 23
Let o = 236 - 224. List the prime factors of o.
2, 3
Let x(n) = -8*n**2 - 2*n + 3. Let q be x(4). Let k = -401 - -310. Let u = k - q. What are the prime factors of u?
2, 3, 7
Let i(z) = -5*z**3 - 2*z**2 - 2*z - 1. Let l be i(-1). List the prime factors of (l + (-3 - -2))/((-1)/(-47)).
3, 47
Suppose 162 - 549 = -3*n. Let t be -67 - -72 - 95/1. Let s = t + n. List the prime factors of s.
3, 13
What are the prime factors of (2514/8)/(23/92)?
3, 419
Let o = -43 + 34. Let k be (-588)/(-18)*o/(-6). List the prime factors of 2 - (0 + -1)*k.
3, 17
Let c(s) = -s**3 + 15*s**2 + s - 10. Let l be c(15). Suppose -j + 30 = 3*a, -l*j = -2*a - 139 + 6. List the prime factors of j.
3
Let f = -10 - -15. Let s(j) = j**3 - 6*j**2 + 6*j + 6. List the prime factors of s(f).
11
Suppose -j - 5*p + 1243 = 0, 3*j = j + 4*p + 2556. What are the prime factors of j?
2, 317
Suppose 0 = w - 9 + 6. What are the prime factors of -1 - (w - (-13)/(-1))?
3
Let p(n) = -n**2 + 49*n - 60. List the prime factors of p(19).
2, 3, 5, 17
What are the prime factors of (-1431)/(-36)*1*36?
3, 53
Let f be (-2)/(-7) - 596/28. Suppose -l + 5*g + 25 = 0, -g + 1 = -2. Let t = l + f. List the prime factors of t.
19
Suppose 4*d = 3801 - 165. List the prime factors of d.
3, 101
Let n(a) = -a**2 + 17 - 13*a + 11 - 38. Let o be n(-12). Suppose o*f - 44 = 78. List the prime factors of f.
61
Let o be (-4)/(-8)*(-11 - -1). Let n(a) = a**2 - 6*a - 11. What are the prime factors of n(o)?
2, 11
Let y(w) = -w**3 + 3*w**2 + 1. Let b be y(3). Let j(l) = 15*l**3 - l. List the prime factors of j(b).
2, 7
Let p = -406 - -779. List the prime factors of p.
373
Let c(i) = -i**3 - i + 10. Let a be c(0). What are the prime factors of (-10)/25 - (-244)/a?
2, 3
Suppose m = -18*x + 22*x - 9538, 0 = -4*x + 2*m + 9536. What are the prime factors of x?
3, 5, 53
Let o be (-4)/(16/(-60)) + -3. Suppose -4*n = y + 9, -3 + o = -2*n - 5*y. What are the prime factors of n/((-12)/(-15))*-14?
5, 7
Let m(s) = -s - 1. Let k(y) = -y**2 - 8*y - 10. Let b(r) = k(r) - 5*m(r). Let l be